8
What is the ten millions digit of 1307164834?
0
What is the tens digit of 19614448?
4
What is the ten millions digit of 2178674711?
7
What is the hundreds digit of 33520567?
5
What is the millions digit of 21978433?
1
What is the ten thousands digit of 205141515?
4
What is the tens digit of 267361537?
3
What is the ten thousands digit of 194912308?
1
What is the hundred millions digit of 1300564114?
3
What is the millions digit of 48168935?
8
What is the units digit of 66279844?
4
What is the billions digit of 1012036380?
1
What is the units digit of 39864969?
9
What is the hundred thousands digit of 176601981?
6
What is the hundred millions digit of 622866530?
6
What is the tens digit of 134698868?
6
What is the millions digit of 376446500?
6
What is the units digit of 249075748?
8
What is the units digit of 243917471?
1
What is the ten thousands digit of 693387773?
8
What is the tens digit of 20905223?
2
What is the tens digit of 207279063?
6
What is the tens digit of 258324123?
2
What is the thousands digit of 7787430582?
0
What is the hundred thousands digit of 2198934369?
9
What is the hundreds digit of 121240319?
3
What is the tens digit of 739059898?
9
What is the thousands digit of 33322352?
2
What is the hundred millions digit of 2058975441?
0
What is the hundred millions digit of 1002922098?
0
What is the millions digit of 212559807?
2
What is the millions digit of 4874060668?
4
What is the thousands digit of 37992050?
2
What is the ten millions digit of 13089072?
1
What is the hundred thousands digit of 1958953749?
9
What is the tens digit of 608397140?
4
What is the hundred thousands digit of 616606642?
6
What is the hundred millions digit of 7043266996?
0
What is the units digit of 431995923?
3
What is the hundreds digit of 563324080?
0
What is the ten millions digit of 55858895?
5
What is the hundred thousands digit of 223541089?
5
What is the ten thousands digit of 21898654?
9
What is the ten thousands digit of 48356363?
5
What is the hundred thousands digit of 7331512555?
5
What is the tens digit of 28845834?
3
What is the thousands digit of 130896992?
6
What is the ten thousands digit of 54707071?
0
What is the units digit of 2832030?
0
What is the ten thousands digit of 1161389851?
8
What is the units digit of 58528207?
7
What is the billions digit of 2524998863?
2
What is the units digit of 35004416?
6
What is the tens digit of 910927073?
7
What is the tens digit of 2890154895?
9
What is the tens digit of 139824499?
9
What is the hundred thousands digit of 327247366?
2
What is the ten millions digit of 12330556?
1
What is the thousands digit of 1707339518?
9
What is the tens digit of 429706480?
8
What is the hundred thousands digit of 7422276549?
2
What is the thousands digit of 87454402?
4
What is the ten millions digit of 357330312?
5
What is the thousands digit of 2543719281?
9
What is the hundred thousands digit of 3710813782?
8
What is the thousands digit of 655476696?
6
What is the thousands digit of 2347554114?
4
What is the units digit of 204944183?
3
What is the millions digit of 3387993788?
7
What is the hundred thousands digit of 252028650?
0
What is the thousands digit of 872265504?
5
What is the thousands digit of 1070223532?
3
What is the tens digit of 771247083?
8
What is the hundred thousands digit of 298008286?
0
What is the hundred thousands digit of 10160599?
1
What is the ten thousands digit of 52707507?
0
What is the thousands digit of 88951279?
1
What is the millions digit of 81137273?
1
What is the millions digit of 207441008?
7
What is the millions digit of 832925891?
2
What is the millions digit of 41211973?
1
What is the hundreds digit of 164069459?
4
What is the hundred millions digit of 113310738?
1
What is the millions digit of 110634973?
0
What is the hundreds digit of 48543958?
9
What is the millions digit of 505185897?
5
What is the hundreds digit of 412994723?
7
What is the ten millions digit of 102115835?
0
What is the millions digit of 59290666?
9
What is the units digit of 789416020?
0
What is the hundred thousands digit of 224417846?
4
What is the units digit of 32933092?
2
What is the hundred thousands digit of 22249052?
2
What is the units digit of 122343613?
3
What is the ten thousands digit of 154299191?
9
What is the hundred thousands digit of 2347434?
3
What is the hundred thousands digit of 489107389?
1
What is the units digit of 35364854?
4
What is the hundred thousands digit of 3005174584?
1
What is the hundred millions digit of 112820950?
1
What is the millions digit of 1347152995?
7
What is the ten thousands digit of 1453132089?
3
What is the ten thousands digit of 6247925379?
2
What is the millions digit of 338650769?
8
What is the tens digit of 1579850066?
6
What is the thousands digit of 6684985932?
5
What is the hundreds digit of 250377075?
0
What is the tens digit of 60213067?
6
What is the tens digit of 19203334?
3
What is the thousands digit of 971672360?
2
What is the billions digit of 1635977286?
1
What is the units digit of 17920329?
9
What is the thousands digit of 1097804710?
4
What is the hundreds digit of 2401533726?
7
What is the units digit of 4348289?
9
What is the thousands digit of 50040683?
0
What is the hundred thousands digit of 239751291?
7
What is the ten millions digit of 3997423700?
9
What is the ten thousands digit of 430313539?
1
What is the tens digit of 36948589?
8
What is the millions digit of 570412025?
0
What is the ten millions digit of 1116021896?
1
What is the thousands digit of 543953933?
3
What is the hundred thousands digit of 4558180471?
1
What is the hundreds digit of 58672460?
4
What is the hundred thousands digit of 278411262?
4
What is the hundred thousands digit of 3514951027?
9
What is the hundred thousands digit of 6037638?
0
What is the ten thousands digit of 103849686?
4
What is the millions digit of 81490945?
1
What is the tens digit of 2682101386?
8
What is the units digit of 492614430?
0
What is the millions digit of 58138511?
8
What is the ten millions digit of 38060906?
3
What is the millions digit of 321893729?
1
What is the ten thousands digit of 13887380?
8
What is the tens digit of 153973364?
6
What is the hundreds digit of 248938182?
1
What is the millions digit of 83711033?
3
What is the hundred thousands digit of 7047632972?
6
What is the tens digit of 61521691?
9
What is the hundred thousands digit of 1228978211?
9
What is the ten thousands digit of 312669655?
6
What is the ten thousands digit of 1415880544?
8
What is the ten thousands digit of 68403474?
0
What is the thousands digit of 29905812?
5
What is the millions digit of 15472654?
5
What is the thousands digit of 385322202?
2
What is the ten millions digit of 26551541?
2
What is the ten thousands digit of 126380268?
8
What is the millions digit of 79035526?
9
What is the ten millions digit of 1508344511?
0
What is the ten millions digit of 132777048?
3
What is the hundreds digit of 6276477?
4
What is the thousands digit of 2125628033?
8
What is the tens digit of 45068183?
8
What is the thousands digit of 1634000392?
0
What is the hundreds digit of 478456325?
3
What is the hundred thousands digit of 55568287?
5
What is the millions digit of 455535586?
5
What is the units digit of 2744227?
7
What is the ten thousands digit of 477611151?
1
What is the hundreds digit of 26644267?
2
What is the thousands digit of 558009629?
9
What is the tens digit of 39032462?
6
What is the ten millions digit of 98940244?
9
What is the ten millions digit of 25171771?
2
What is the hundred thousands digit of 2907182689?
1
What is the hundreds digit of 54160514?
5
What is the ten thousands digit of 10046215?
4
What is the millions digit of 1747671717?
7
What is the tens digit of 23296653?
5
What is the millions digit of 1149795511?
9
What is the thousands digit of 505625722?
5
What is the units digit of 502379304?
4
What is the units digit of 224606730?
0
What is the units digit of 277221964?
4
What is the thousands digit of 70630655?
0
What is the ten millions digit of 2306187169?
0
What is the tens digit of 521147698?
9
What is the hundred thousands digit of 32200444?
2
What is the millions digit of 79018332?
9
What is the millions digit of 22767964?
2
What is the tens digi